{"id":2257,"date":"2020-06-16T10:52:53","date_gmt":"2020-06-16T13:52:53","guid":{"rendered":"http:\/\/patagonia.gob.ar\/?page_id=2257"},"modified":"2020-11-26T12:05:04","modified_gmt":"2020-11-26T15:05:04","slug":"biblioteca-virtual","status":"publish","type":"page","link":"https:\/\/patagonia.gob.ar\/wp2019\/biblioteca-virtual\/","title":{"rendered":"Biblioteca Virtual"},"content":{"rendered":"\r\n<section class=\"module bg-paper\">\r\n<div class=\"container\">\r\n<div class=\"row mb-5\">\r\n<div class=\"col-6 col-md-4 text-center mx-auto\">\r\n<h1>Biblioteca Virtual<\/h1>\r\n<\/div>\r\n<\/div>\r\n<div class=\"row justify-content-center\">\r\n<div class=\"col-12 col-md-4\">\r\n<p class=\"lead serif\">La <strong>Biblioteca Virtual<\/strong> tiene como objetivo poner a disposici\u00f3n de la comunidad recursos digitales para difundir y permitir el acceso a informaci\u00f3n relacionada al turismo en la regi\u00f3n patag\u00f3nica.<\/p>\r\n<\/div>\r\n<div class=\"col-12 col-md-6\">\r\n<p>Aqu\u00ed se podr\u00e1n encontrar destacados <strong>Trabajos Acad\u00e9micos<\/strong> de investigaci\u00f3n realizados por alumnos de las diferentes Universidades que tienen convenio con nuestra instituci\u00f3n regional. Asimismo, se puede acceder a libros y revistas digitales editados por dichas universidades. Este archivo digital tambi\u00e9n cuenta con <strong>Estad\u00edsticas<\/strong> tur\u00edsticas de las diferentes provincias que integran la regi\u00f3n y <strong>Normativas<\/strong> de la industria donde tambi\u00e9n se podr\u00e1n consultar los protocolos sanitarios actualizados aprobados para las actividades y servicios tur\u00edsticos en el marco de la emergencia sanitaria por el Covid-19. En tanto, en la secci\u00f3n de <strong>Publicaciones Generales<\/strong> se consignan art\u00edculos, documentos, libros y trabajos sobre aspectos que hacen al acervo hist\u00f3rico-cultural de la Patagonia y tambi\u00e9n se puede acceder a la secci\u00f3n de <strong>Capacitaciones Profesionales<\/strong> sobre la Patagonia Argentina.\u00a0<\/p>\r\n<\/div>\r\n<\/div>\r\n<\/div>\r\n<\/section>\r\n\r\n\r\n\r\n<section class=\"bg-secondary\">\r\n<div class=\"container-fluid\">\r\n<div class=\"row row-portfolio\" data-columns=\"3\">\r\n<div class=\"grid-sizer\">\u00a0<\/div>\r\n<div class=\"portfolio-item  p-0\" >\r\n\t<div class=\"shadow-sm portfolio-item-wrapper\">\r\n\t\t<div class=\"portfolio-item-img\">\r\n\t\t\t<img src=\"https:\/\/patagonia.gob.ar\/wp2019\/wp-content\/uploads\/2020\/07\/Dise\u00f1o-sin-t\u00edtulo-1-720x720.jpg\" alt=\"Publicaciones Generales\">\r\n\t\t<\/div>\r\n\t\t<div class=\"portfolio-item-caption d-flex align-items-center justify-content-center\">\r\n\t\t\t<div class=\"portfolio-item-frame d-flex align-items-center justify-content-center w-75 h-75 p-4 border\" style=\"border-width:2px !important; border-color:rgba(255,255,255,0.3) !important;\">\r\n\t\t\t<h2 class=\"portfolio-item-title text-light h3 pb-0 mb-0 serif\">Publicaciones Generales\r\n\t\t\t\r\n\t\t\t<\/h2>\r\n\t\t\t<\/div>\r\n\t\t<\/div>\r\n\t\t<a class=\"portfolio-item-link\" href=\"https:\/\/patagonia.gob.ar\/wp2019\/biblioteca\/documentacion\/\"><\/a>\r\n\t<\/div>\r\n<\/div><div class=\"portfolio-item  p-0\" >\r\n\t<div class=\"shadow-sm portfolio-item-wrapper\">\r\n\t\t<div class=\"portfolio-item-img\">\r\n\t\t\t<img src=\"https:\/\/patagonia.gob.ar\/wp2019\/wp-content\/uploads\/2020\/07\/Dise\u00f1o-sin-t\u00edtulo-1-720x720.jpg\" alt=\"Normativas\">\r\n\t\t<\/div>\r\n\t\t<div class=\"portfolio-item-caption d-flex align-items-center justify-content-center\">\r\n\t\t\t<div class=\"portfolio-item-frame d-flex align-items-center justify-content-center w-75 h-75 p-4 border\" style=\"border-width:2px !important; border-color:rgba(255,255,255,0.3) !important;\">\r\n\t\t\t<h2 class=\"portfolio-item-title text-light h3 pb-0 mb-0 serif\">Normativas\r\n\t\t\t\r\n\t\t\t<\/h2>\r\n\t\t\t<\/div>\r\n\t\t<\/div>\r\n\t\t<a class=\"portfolio-item-link\" href=\"https:\/\/patagonia.gob.ar\/wp2019\/biblioteca\/normativas\/\"><\/a>\r\n\t<\/div>\r\n<\/div><div class=\"portfolio-item  p-0\" >\r\n\t<div class=\"shadow-sm portfolio-item-wrapper\">\r\n\t\t<div class=\"portfolio-item-img\">\r\n\t\t\t<img src=\"https:\/\/patagonia.gob.ar\/wp2019\/wp-content\/uploads\/2020\/07\/Dise\u00f1o-sin-t\u00edtulo-1-720x720.jpg\" alt=\"Estad\u00edsticas\">\r\n\t\t<\/div>\r\n\t\t<div class=\"portfolio-item-caption d-flex align-items-center justify-content-center\">\r\n\t\t\t<div class=\"portfolio-item-frame d-flex align-items-center justify-content-center w-75 h-75 p-4 border\" style=\"border-width:2px !important; border-color:rgba(255,255,255,0.3) !important;\">\r\n\t\t\t<h2 class=\"portfolio-item-title text-light h3 pb-0 mb-0 serif\">Estad\u00edsticas\r\n\t\t\t\r\n\t\t\t<\/h2>\r\n\t\t\t<\/div>\r\n\t\t<\/div>\r\n\t\t<a class=\"portfolio-item-link\" href=\"https:\/\/patagonia.gob.ar\/wp2019\/biblioteca\/estadisticas\/\"><\/a>\r\n\t<\/div>\r\n<\/div><div class=\"portfolio-item  p-0\" >\r\n\t<div class=\"shadow-sm portfolio-item-wrapper\">\r\n\t\t<div class=\"portfolio-item-img\">\r\n\t\t\t<img src=\"https:\/\/patagonia.gob.ar\/wp2019\/wp-content\/uploads\/2020\/07\/Dise\u00f1o-sin-t\u00edtulo-1-720x720.jpg\" alt=\"Trabajos Acad\u00e9micos\">\r\n\t\t<\/div>\r\n\t\t<div class=\"portfolio-item-caption d-flex align-items-center justify-content-center\">\r\n\t\t\t<div class=\"portfolio-item-frame d-flex align-items-center justify-content-center w-75 h-75 p-4 border\" style=\"border-width:2px !important; border-color:rgba(255,255,255,0.3) !important;\">\r\n\t\t\t<h2 class=\"portfolio-item-title text-light h3 pb-0 mb-0 serif\">Trabajos Acad\u00e9micos\r\n\t\t\t\r\n\t\t\t<\/h2>\r\n\t\t\t<\/div>\r\n\t\t<\/div>\r\n\t\t<a class=\"portfolio-item-link\" href=\"https:\/\/patagonia.gob.ar\/wp2019\/biblioteca\/trabajos-academicos\/\"><\/a>\r\n\t<\/div>\r\n<\/div><div class=\"portfolio-item  p-0\" >\r\n\t<div class=\"shadow-sm portfolio-item-wrapper\">\r\n\t\t<div class=\"portfolio-item-img\">\r\n\t\t\t<img src=\"https:\/\/patagonia.gob.ar\/wp2019\/wp-content\/uploads\/2020\/07\/Dise\u00f1o-sin-t\u00edtulo-1-720x720.jpg\" alt=\"Capacitaciones Profesionales\">\r\n\t\t<\/div>\r\n\t\t<div class=\"portfolio-item-caption d-flex align-items-center justify-content-center\">\r\n\t\t\t<div class=\"portfolio-item-frame d-flex align-items-center justify-content-center w-75 h-75 p-4 border\" style=\"border-width:2px !important; border-color:rgba(255,255,255,0.3) !important;\">\r\n\t\t\t<h2 class=\"portfolio-item-title text-light h3 pb-0 mb-0 serif\">Capacitaciones Profesionales\r\n\t\t\t\r\n\t\t\t<\/h2>\r\n\t\t\t<\/div>\r\n\t\t<\/div>\r\n\t\t<a class=\"portfolio-item-link\" href=\"https:\/\/patagonia.gob.ar\/wp2019\/biblioteca\/capacitaciones-profesionales\/\"><\/a>\r\n\t<\/div>\r\n<\/div><\/div>\r\n<\/div>\r\n<\/section>\r\n","protected":false},"excerpt":{"rendered":"<p>Biblioteca Virtual La Biblioteca Virtual tiene como objetivo poner a disposici\u00f3n de la comunidad recursos digitales para difundir y permitir el acceso a informaci\u00f3n relacionada al turismo en la regi\u00f3n patag\u00f3nica. Aqu\u00ed se podr\u00e1n encontrar destacados Trabajos Acad\u00e9micos de investigaci\u00f3n realizados por alumnos de las diferentes Universidades que tienen convenio con nuestra instituci\u00f3n regional. Asimismo, [&#8230;]<\/p>\n<p><a class=\"btn btn-secondary understrap-read-more-link\" href=\"https:\/\/patagonia.gob.ar\/wp2019\/biblioteca-virtual\/\">Leer m\u00e1s&#8230;<\/a><\/p>\n","protected":false},"author":1,"featured_media":0,"parent":0,"menu_order":0,"comment_status":"closed","ping_status":"closed","template":"page-templates\/empty-page.php","meta":[],"_links":{"self":[{"href":"https:\/\/patagonia.gob.ar\/wp2019\/wp-json\/wp\/v2\/pages\/2257"}],"collection":[{"href":"https:\/\/patagonia.gob.ar\/wp2019\/wp-json\/wp\/v2\/pages"}],"about":[{"href":"https:\/\/patagonia.gob.ar\/wp2019\/wp-json\/wp\/v2\/types\/page"}],"author":[{"embeddable":true,"href":"https:\/\/patagonia.gob.ar\/wp2019\/wp-json\/wp\/v2\/users\/1"}],"replies":[{"embeddable":true,"href":"https:\/\/patagonia.gob.ar\/wp2019\/wp-json\/wp\/v2\/comments?post=2257"}],"version-history":[{"count":9,"href":"https:\/\/patagonia.gob.ar\/wp2019\/wp-json\/wp\/v2\/pages\/2257\/revisions"}],"predecessor-version":[{"id":3390,"href":"https:\/\/patagonia.gob.ar\/wp2019\/wp-json\/wp\/v2\/pages\/2257\/revisions\/3390"}],"wp:attachment":[{"href":"https:\/\/patagonia.gob.ar\/wp2019\/wp-json\/wp\/v2\/media?parent=2257"}],"curies":[{"name":"wp","href":"https:\/\/api.w.org\/{rel}","templated":true}]}}